at is -3 - 3586?
-3589
In base 4, what is -231 - -31302?
31011
In base 9, what is 2488306 + 5?
2488312
In base 15, what is -7 - -1577d?
15776
In base 12, what is -1111 + 2?
-110b
In base 2, what is 110101010111001110111 - 1?
110101010111001110110
In base 6, what is 140 - -5350?
5530
In base 13, what is -9b + 2a8?
20a
In base 8, what is 27 + 2752?
3001
In base 3, what is 120100022 + 220222?
121021021
In base 9, what is 624 - -4240?
4864
In base 5, what is -443211 + -3?
-443214
In base 10, what is -46558 + -8?
-46566
In base 2, what is 1011010010 + 11?
1011010101
In base 2, what is -10111 - 1010110100101010?
-1010110101000001
In base 2, what is 111 - 11011100001011?
-11011100000100
In base 15, what is 11e42 + -4?
11e3d
In base 4, what is -13110130 + -3?
-13110133
In base 13, what is -1c + -25191?
-251b0
In base 6, what is -1330 - -313?
-1013
In base 7, what is -26004 - 2?
-26006
In base 15, what is -1 + d8a?
d89
In base 13, what is -a316 - 1?
-a317
In base 7, what is 1306 + -2101?
-462
In base 12, what is -4 + 1403?
13bb
In base 13, what is 4 - b8b4c?
-b8b48
In base 8, what is 26144 + -33?
26111
In base 8, what is 1451713 + 1?
1451714
In base 3, what is 12 + -1010201011002?
-1010201010220
In base 15, what is 0 + 1b6e4?
1b6e4
In base 6, what is -1 - -3030?
3025
In base 14, what is -4 - 5878?
-587c
In base 7, what is -552435 - -12?
-552423
In base 6, what is -1414 - 1040?
-2454
In base 9, what is -60 - 178?
-248
In base 4, what is -231 + 1220?
323
In base 7, what is -21 - -105551?
105530
In base 5, what is 3130 + 214?
3344
In base 7, what is -115366 + 0?
-115366
In base 13, what is -5 + -1cc96?
-1cc9b
In base 15, what is -1577 - 5?
-157c
In base 8, what is -223 - 21237?
-21462
In base 5, what is 0 + -31203231?
-31203231
In base 11, what is 9 - -4012?
4020
In base 2, what is 110 - 11111110101000?
-11111110100010
In base 5, what is -4442004 + -10?
-4442014
In base 9, what is 77 - 346?
-258
In base 10, what is 18602 + -155?
18447
In base 8, what is -24 - -7404?
7360
In base 11, what is 24a7 - -450?
2947
In base 11, what is -14aaa + 0?
-14aaa
In base 10, what is -77 - -2037?
1960
In base 15, what is 12bc9 - -11?
12bda
In base 6, what is -2355 + 41034?
34235
In base 12, what is 13 + -949?
-936
In base 4, what is -1 - 3002031?
-3002032
In base 2, what is -1000111001110100100 - 10?
-1000111001110100110
In base 13, what is -6b90 + b6?
-6aa7
In base 9, what is 267162 - -2?
267164
In base 7, what is 542440 + -2?
542435
In base 16, what is 3 + 9490a?
9490d
In base 12, what is 469a + -2?
4698
In base 6, what is -3 + -1252335?
-1252342
In base 8, what is 1 + 14715?
14716
In base 12, what is 3065 - 25?
3040
In base 5, what is -10403 - -3140?
-2213
In base 10, what is -627 + 1125?
498
In base 11, what is 35791 + 2?
35793
In base 16, what is b3d3 + 5?
b3d8
In base 11, what is 3302 - 0?
3302
In base 6, what is -15 - 114?
-133
In base 14, what is -d1c + -11?
-d2d
In base 7, what is 502335 + -4?
502331
In base 7, what is -16204 - -1144?
-15030
In base 13, what is 12 - -a82?
a94
In base 14, what is -d0 - -187?
97
In base 4, what is 302311 + 11111?
320022
In base 10, what is 1166 - -96?
1262
In base 14, what is 2d45a + -5?
2d455
In base 8, what is 751042 - 2?
751040
In base 15, what is -c86 - 1?
-c87
In base 7, what is -5435260 + 1?
-5435256
In base 9, what is 1277 + 206?
1484
In base 6, what is -10 - 501422?
-501432
In base 9, what is 33604 + -1?
33603
In base 16, what is 2 + -90fa?
-90f8
In base 6, what is 11521 + -2535?
4542
In base 10, what is -6931 + -34?
-6965
In base 4, what is 2 + 30121112?
30121120
In base 10, what is -5 - 3294?
-3299
In base 8, what is -4 - 401?
-405
In base 11, what is -2 + -13333?
-13335
In base 12, what is -b - -28?
19
In base 2, what is 0 + -1110101100101?
-1110101100101
In base 7, what is -5 + 10455?
10450
In base 13, what is 4 + -25b5?
-25b1
In base 15, what is -40d - -448?
3a
In base 10, what is 11 - 29771?
-29760
In base 10, what is 1087522 + -3?
1087519
In base 9, what is -17 - -13208?
13181
In base 10, what is -71 + -3113?
-3184
In base 13, what is 362 + 1952?
1cb4
In base 8, what is 5 + 46770?
46775
In base 6, what is -102352411 + -4?
-102352415
In base 10, what is 136 + -2778?
-2642
In base 7, what is -100046 - 64?
-100143
In base 6, what is 455 - -2202?
3101
In base 2, what is -1010111110101110 + -11110?
-1010111111001100
In base 5, what is -124234 - 33?
-124322
In base 8, what is -257231 + 5?
-257224
In base 14, what is -1dd9 - b?
-2006
In base 7, what is 12 - 433150?
-433135
In base 3, what is 11 - 1221201?
-1221120
In base 16, what is 127d9 + -2?
127d7
In base 2, what is 101 - -1011101011110?
1011101100011
In base 16, what is -1304 - -1a2?
-1162
In base 12, what is 2 - -1378ba?
137900
In base 8, what is -3 + 177076?
177073
In base 5, what is -3432 + -20023?
-24010
In base 14, what is -292 + -1d5?
-487
In base 11, what is 3 + -551?
-549
In base 3, what is -1001121 + -100201?
-1102022
In base 3, what is 200122 + 111211?
1012110
In base 5, what is -2204424 + 10?
-2204414
In base 3, what is -1110 - -1000210200?
1000202020
In base 15, what is -4d + 41?
-c
In base 9, what is 71374 + -2?
71372
In base 6, what is 1 - -1335?
1340
In base 16, what is b9 + 573?
62c
In base 10, what is 987 + -7?
980
In base 2, what is -10101 - 110000101100101?
-110000101111010
In base 8, what is 6160 - 215?
5743
In base 4, what is -10220323 + 2002?
-10212321
In base 8, what is 5762211 - 5?
5762204
In base 12, what is 0 - -6775?
6775
In base 15, what is -eba - 4?
-ebe
In base 3, what is -100 - -221112?
221012
In base 10, what is 11316 + 47?
11363
In base 2, what is -101 - 100010000011000?
-100010000011101
In base 13, what is -3934 + -19?
-3950
In base 4, what is -21323013122 - 3?
-21323013131
In base 4, what is -10131223 - -301?
-10130322
In base 9, what is -3267 + 7?
-3260
In base 16, what is 1aab1 - a?
1aaa7
In base 14, what is 3 + 7402?
7405
In base 3, what is 2 + 121122210100?
121122210102
In base 7, what is 50444 + 5?
50452
In base 13, what is -1a1617 - -3?
-1a1614
In base 16, what is 13 + 963e?
9651
In base 13, what is -1539 - -96?
-1473
In base 7, what is -23 + -12003?
-12026
In base 9, what is -3 + 410283?
410280
In base 12, what is 672b6 + 2?
672b8
In base 12, what is -107 - 45b?
-566
In base 6, what is -11 + -2313350?
-2313401
In base 8, what is -22010 - -3?
-22005
In base 14, what is -9685 + 76?
-960d
In base 3, what is 12 + 22212110?
22212122
In base 14, what is 479c - -1?
479d
In base 12, what is 0 + -264a?
-264a
In base 8, what is -24547 - -47?
-24500
In base 16, what is -2b3353 - 0?
-2b3353
In base 3, what is 110212112 - 1?
110212111
In base 11, what is -2 + -219a83?
-219a85
In base 5, what is 2403122 - 122?
2403000
In base 5, what is -20303 + -4012?
-24320
In base 2, what is -110 + -100010101011100001?
-100010101011100111
In base 2, what is 0 - -1001010001111?
1001010001111
In base 6, what is 135 - -22153?
22332
In base 3, what is -2012012202220 - -10?
-2012012202210
In base 2, what is 10100110 + -11101000?
-1000010
In base 6, what is 1514 - -504?
2422
In base 16, what is 10b + -67c?
-571
In base 15, what is d715 + 5?
d71a
In base 2, what is -101101100 - 1101100?
-111011000
In base 6, what is 22 + -52245?
-52223
In base 3, what is -2 + -211200100000?
-211200100002
In base 7, what is -232 + 1555?
1323
In base 14, what is 1d + 505d?
507c
In base 3, what is 201101 + 10000?
211101
In base 10, what is 0 + -55912?
-55912
In base 4, what is -12333332 + -11?
-13000003
In base 11, what is 1381 + -26?
1356
In base 15, what is 3 + -a94?
-a91
In base 11, what is -2a110 + -8?
-2a118
In base 5, what is -113442321 - -2?
-113442314
In base 16, what is -46 + -4642?
-4688
In base 3, what is -1112 + -1011210102?
-1011211221
In base 6, what is -14 - -23303?
23245
In base 6, what is -13 + 5355044?
5355031
In base 15, what is 29 + -38c5c?
-38c33
In base 6, what is 24103 + 414?
24521
In base 5, what is -14231 - -141?
-14040
In base 3, what is -220222 + 1?
-220221
In base 3, what is -11 - 2121210120210?
-2121210120221
In base 8, what is -1050 + -42?
-1112
In base 5, what is 2 + -1422211?
-1422204
In base 14, what is -ba - -1210?
1134
In base 2, what is 1110 - -10000110000?
10000111110
In base 16, what is bf9 + b?
c04
In base 16, what is -37a3 + 1?
-37a2
In b